 = 0, -2*h = -n*o - 4*h + 54. Calculate the remainder when o is divided by 8.
6
Let b = -61 - -88. Suppose -2*o - 2*h + 30 = 0, h - 66 = -3*o + 5*h. What is the remainder when b is divided by o?
9
Suppose -5*c = -20 + 15. Suppose 3*n + 3 - 5 = -2*j, -2*n = j - c. Calculate the remainder when j is divided by 1.
0
Let g = -6 + 27. Suppose 0 = 5*d + 2*d - 273. What is the remainder when d is divided by g?
18
Let m = 117 + -57. Suppose -3*b = -6*b + m. What is the remainder when 39 is divided by b?
19
Suppose -2*l = -3*l. Let x be l/4 - (-2 - -4). What is the remainder when 19 is divided by x/(-4)*(18 + 2)?
9
Let x = 40 - 40. Let q = x + 13. What is the remainder when 33 is divided by q?
7
What is the remainder when 278 is divided by -1 + -6 + 1639/11?
136
What is the remainder when 14/((-420)/666)*-5 is divided by 25?
11
Suppose 4*y - 57 = 195. Let x(l) = -10*l**2 + 64*l - 13. What is the remainder when y is divided by x(6)?
8
What is the remainder when (-4)/(16/(-20)) - -91 is divided by 25?
21
What is the remainder when 761 is divided by (6/(-4))/((-1353)/90 - -15)?
41
What is the remainder when 99 is divided by ((-20)/(-2))/(10/(-14) - -1)?
29
Let v(d) = -2*d**2 - 7*d - 6. Let m be v(-2). Let k(s) = s**2 + 3*s + 4. Let c(x) = 2*x + 1. Calculate the remainder when c(4) is divided by k(m).
1
Suppose 99 = 18*i - 9. What is the remainder when 59 is divided by i?
5
Suppose -46 = -r - 3*i, -r + 2*i - 72 = -3*r. Let l = 19 - 8. What is the remainder when r is divided by l?
9
Suppose -399 = -29*o + 993. Calculate the remainder when 238 is divided by o.
46
Suppose 12 + 18 = u - 3*a, -5*u + 163 = -2*a. Calculate the remainder when 63 is divided by u.
30
Let l = -4 - -4. Suppose -3*r + 111 = -l*r - 5*n, -5*r + 2*n = -166. What is the remainder when r is divided by 20?
12
Let a(k) = -3*k - 1. Let t be a(-1). Suppose t*o - 4*o + 32 = 0. Suppose -32*h = -21*h - 308. What is the remainder when h is divided by o?
12
Suppose 1011 = 3*c + 3*q, -4*c - 2 + 1348 = 2*q. Calculate the remainder when c is divided by 10.
6
Suppose -5*j - 4*k = -5*k - 302, -290 = -5*j - 5*k. Calculate the remainder when 152 is divided by j.
32
Let b(c) = -c**3 + 6*c**2 + 3*c - 4. Let f be b(5). Suppose k - f = -k. Calculate the remainder when k is divided by 7.
4
Suppose -5*b + 59 = 9. Let n(s) = -8*s + 8. Let k(v) = 9*v - 9. Let o(r) = 3*k(r) + 2*n(r). Calculate the remainder when o(b) is divided by 34.
31
Let m(b) = 3*b - 5. Let o be m(4). Suppose o = -3*i + 34. Calculate the remainder when (-24)/120 + (-261)/(-5) is divided by i.
7
Suppose -11*j + 1146 = 222. Calculate the remainder when j is divided by (-4)/(-10) - (-108)/5.
18
Suppose 4*v - 9*v - 10 = 0. Let g be (-9)/v*(-32)/(-16). Suppose 0 = b + g - 13. Calculate the remainder when b is divided by 2.
0
Suppose -5*m = k + 3 - 61, 0 = -4*k + 5*m + 132. Let l = k - 22. Let y(o) = -16*o - 3. What is the remainder when y(-4) is divided by l?
13
Let g(a) = -1 - 3 - 1 + 3 - 10*a. Let s be g(-2). What is the remainder when (-6)/s + (-68)/(-6) is divided by 7?
4
Let g = -6 + 15. Let p = g - 4. Calculate the remainder when ((-21)/(-4))/7*12 is divided by p.
4
Suppose 11*r = 6*r - 150. Let k = -19 - r. Calculate the remainder when 54 is divided by k.
10
Let j be 4/(-10) + 18*(-28)/40. Suppose -m + 5*l = -5*m + 102, -m + 4*l + 15 = 0. What is the remainder when (-1185)/j + 2/(-13) is divided by m?
22
Let l be 4/1 + -3 + 3. Suppose 0 = 4*z - 16, -35 = -4*x - l*z + 33. Let p = 0 + x. What is the remainder when 38 is divided by p?
12
Let b = -774 - -1101. What is the remainder when b is divided by 82?
81
Suppose -m = 5, -4*s + 3*m = 2*m - 21. Suppose -b - 132 = 158. Calculate the remainder when b/(-8) - (-3)/s is divided by 10.
7
Suppose 4*w + 0*v + 4*v = 252, 2*w = -4*v + 128. Calculate the remainder when w is divided by 21.
20
Calculate the remainder when 8*6/120 + (-11298)/(-30) is divided by 14.
13
Let d(w) = -w**2 + 16*w - 29. Calculate the remainder when d(6) is divided by 14.
3
Suppose 12909*n - 148 = 12905*n. Let p(y) = -y**3 - y**2 + 5*y - 3. What is the remainder when p(-5) is divided by n?
35
Let q(i) = 18*i**2 + 43*i - 248. Calculate the remainder when q(5) is divided by 15.
12
Calculate the remainder when 62 is divided by (6/3)/((-6)/(-21)).
6
Let i = 110 + -107. Suppose 33 - 96 = -i*n. Calculate the remainder when 60 is divided by n.
18
Let z = -222 - -238. What is the remainder when 44 is divided by z?
12
Let i be -1 + 2/((-2)/(-2)). Let g be 2 - (-54 + (-6)/(-2)). What is the remainder when (1 + i)/2 + g is divided by 14?
12
Let u be (34/6 - -1)*(-48)/(-8). What is the remainder when 20 is divided by (24/u - (-23)/(-5))*-3?
8
Suppose 87 + 1492 = p. What is the remainder when p is divided by 14?
11
Calculate the remainder when 275 is divided by (-250)/(-20) + -1 + 1/2.
11
What is the remainder when 345 is divided by (16 - -75) + (-2 + -3 - -1)?
84
Suppose 0 = -y + 4*m + 32 - 10, -4*y + 5*m + 66 = 0. What is the remainder when 68 is divided by y?
12
Let z = -282 + 459. Calculate the remainder when z is divided by 30.
27
Let o(b) = 0 - 3*b - 2*b - 2. Let r be o(-2). Suppose 2 = 5*d - r. Calculate the remainder when 2 is divided by d.
0
Suppose 8*m = 7*m - 48. Let x = m + 53. Calculate the remainder when 13 is divided by x.
3
Let k = 11 + -9. Calculate the remainder when 22 is divided by 12/k + 0/2.
4
Let y = -1 + 5. Let x(s) = 11*s**2 + 8*s**2 - 17*s**2 + 7*s**2. What is the remainder when x(-1) is divided by y?
1
Let v(w) be the second derivative of w**3/6 + 19*w**2/2 - w. Let u be v(-9). Suppose 11*r - u*r - 7 = 0. Calculate the remainder when 20 is divided by r.
6
Suppose 0 = -0*x - 4*x - 3*h + 9, -x - 3*h + 9 = 0. Suppose 42 = 2*b - x*b. Let i = -7 + b. What is the remainder when i is divided by 4?
2
Suppose n = 5*q - 346, -q + n + n + 71 = 0. Let s be 5/(-10) + (-10)/(-4). Suppose -t + s*t = 18. What is the remainder when q is divided by t?
15
Suppose -4*l - 13 = -29. Calculate the remainder when (5 - 9) + (-15 - -36) is divided by l.
1
Suppose 0 = 3*o - 15, 3*o - 1016 = -3*r + 1045. What is the remainder when r is divided by 38?
36
Let b = 633 + -353. What is the remainder when b is divided by 140?
0
Suppose 5*c + 2*g - g = -1, c + 5*g + 5 = 0. Suppose -4*o + 241 - 173 = c. What is the remainder when 67 is divided by o?
16
Let m(p) = -22*p - 14. Let n be m(-2). Let t = 46 - n. Calculate the remainder when 31 is divided by t.
15
Suppose 26*u = 30*u - 96. What is the remainder when 108 is divided by u?
12
Suppose -g - 2*g - k + 1 = 0, 0 = 2*g + k + 1. Let x be -30 + 0*g/(-8). What is the remainder when (-2)/5 - 762/x is divided by 9?
7
Let c(v) = -49*v**2 + 5*v. Let f be c(-5). Let i be (-8)/(5/(f/(-4))). Calculate the remainder when (3/(-2))/(15/i) is divided by 26.
24
Let j(b) = 2*b**2 - 8*b - 227. What is the remainder when j(-12) is divided by 55?
47
What is the remainder when (-801)/(-3) - (5 - 11) is divided by 55?
53
Suppose -5 = -5*g - 5*t, 3*g - g = -4*t + 6. Let b = -10 + g. Let o = 19 + b. Calculate the remainder when 14 is divided by o.
6
Suppose -3*s - 19 = -5*r + 4*r, -3*r = -s - 17. Let g(w) = w**2 + 5*w + 7. Let f be g(-4). What is the remainder when ((3 - -3) + f)/(3/3) is divided by r?
1
What is the remainder when 119 is divided by 34020/1092 + 2/(-13)?
26
Suppose -2*t = -3*h + 5803, 5*h - t + 6*t - 9655 = 0. Calculate the remainder when h is divided by 121.
118
Let p(d) = d**3 + 11*d**2 - 2*d + 22. Let x be p(-11). Let w = x + -25. Suppose 2*f - 80 + 10 = 0. Calculate the remainder when f is divided by w.
16
Suppose 0 = -2*d - 3*d + g + 208, 0 = 5*d + g - 202. Calculate the remainder when 156 is divided by d.
33
Let z be (-72)/18 - (-17 + 1). Let l(s) = -9*s + s + 4*s - s**2 - 12*s - z. What is the remainder when l(-12) is divided by 19?
17
Suppose 5*c = 4*m - 131, 0*c - 133 = -4*m + 3*c. What is the remainder when m is divided by 3?
1
Let b = 43 - 28. Let t(w) = -w**2 + 3*w + 13. What is the remainder when b is divided by t(0)?
2
Let w be 0 + (-11 - (-5)/(-5)). Let z = w - -13. What is the remainder when 2 is divided by z?
0
Suppose -13*r - 114*r + 6336 = -1030. Let o(c) = -3*c - 6. Calculate the remainder when r is divided by o(-6).
10
Suppose 5*g - 5*w = 235, 2*w - 4*w - 45 = -g. Let c = 5 - -5. Cal